e greatest common factor of i and c.
1
Let f(v) = -9*v + 5. Let x = -4 - -10. Let d be f(x). Let h = -33 - d. Calculate the greatest common factor of 144 and h.
16
Let v(u) = -u**2 + 8*u + 10. Let z be v(9). What is the greatest common factor of z and 9?
1
Let c(v) = 6*v - 8. Let o be c(6). Let w = o - 10. Calculate the highest common divisor of w and 45.
9
Let r = 48 + -4. Let g(p) be the first derivative of p**4/4 + 7*p**3/3 + 4*p - 1. Let d be g(-7). Calculate the greatest common divisor of d and r.
4
Let p be -65*((-39)/(-15) - 3). Let u = 10 + p. What is the greatest common factor of u and 4?
4
Let h be ((-48)/10)/(26/(-65)). What is the greatest common factor of h and 108?
12
Let h(s) = 2*s**2 + 4*s - 6. Let l be h(-7). Let b = 24 - 16. What is the highest common factor of b and l?
8
Suppose y + 24 = 94. Calculate the greatest common factor of 10 and y.
10
Let w = 206 + -111. Let y = w - 53. What is the greatest common factor of 7 and y?
7
Let c = 135 - 25. Suppose 0 = -a + 3*a - c. Calculate the greatest common factor of a and 22.
11
Suppose 0 = -5*i + x + 3*x + 78, -x = 5*i - 93. Calculate the greatest common factor of 9 and i.
9
Suppose j - 18 = 3*s, -5*j - 3*s = -10*j + 42. What is the greatest common divisor of 2 and j?
2
Let s = 25 + -11. Suppose 4 - s = -y. Suppose 5*p + 3*x - 70 = -10, 0 = -p - x + y. Calculate the greatest common divisor of 6 and p.
3
Let y be 3828/21 + 4/(-14). Suppose 2*n + b - 83 = -4*b, -3*n = -4*b - y. What is the greatest common factor of n and 9?
9
Let l(r) = 2*r**3 - r**2 - r. Let j be l(-1). Let p(d) = 4*d**2 - 5*d - 2. Let o be p(j). Calculate the greatest common factor of 24 and o.
24
Let i = 8 + -4. Let s be 37/i + (-4)/16. Let a be 2*(-9)/(-2)*1. Calculate the greatest common divisor of a and s.
9
Suppose 6*z - z - 17 = -a, -3*z + 9 = 0. Calculate the highest common divisor of 6 and a.
2
Suppose 0 = -5*u - 38 + 143. Calculate the greatest common divisor of u and 6.
3
Let u(f) = -f**3 + 15*f**2 - 15*f + 17. Let c be u(14). Let w(t) = 9*t + 1. Let h be w(c). Calculate the highest common divisor of 14 and h.
14
Let n = -50 + 86. Let i = 15 - 3. Calculate the greatest common factor of n and i.
12
Let g = 111 - 79. What is the greatest common divisor of 4 and g?
4
Let l be 20 - (-4 - 12)/4. Calculate the greatest common divisor of l and 16.
8
Let l(a) = -2*a - 10. Let d be l(-15). What is the greatest common factor of d and 50?
10
Let b(g) = -2*g**2 - 34*g - 12. Let z be b(-15). Calculate the greatest common divisor of z and 32.
16
Let p = -2 - 1. Let r = 4 + p. Suppose -4*k + 19 = 2*j - 9, 4*k + 4*j = 36. Calculate the greatest common factor of r and k.
1
Let i(j) = j**2 + 13*j - 33. Let c be i(-16). Calculate the highest common divisor of 60 and c.
15
Let u(q) = 48*q**3 - q + 1. Suppose -4*d - 4*z = 11 + 1, 2*d - z - 6 = 0. Let w be u(d). What is the greatest common divisor of w and 6?
6
Suppose -2*a = -7*a + 30. Let m = 9 - a. Let j(r) = r**2 + r - 3. Let f be j(5). What is the greatest common factor of f and m?
3
Let z be 1/((1/11)/1). Let k(t) = t - 7. Let d be k(5). Let g be (d/(-3))/(4/6). Calculate the highest common divisor of z and g.
1
Suppose 10*q - 3 = 7. What is the greatest common divisor of 1 and q?
1
Let n = 4 + 0. Let i(l) = -l**2 + 4*l + 3. Let g be i(n). Suppose 0 = -4*x + 5*c + 123, 8*x + c = g*x + 161. What is the highest common factor of 4 and x?
4
Suppose 3*n = -3 - 3, -4*n - 26 = -2*g. Suppose -3 = 3*m, 9 + 31 = 5*s + 5*m. Calculate the greatest common divisor of s and g.
9
Let j(i) = 3*i**2 + 4*i + 7. Let r be j(-7). Suppose r + 154 = 4*u. Calculate the greatest common divisor of 28 and u.
14
Suppose -864 = -3*t - 6*t. Calculate the highest common factor of t and 12.
12
Let y = 46 + -25. Let m(o) = o**2 + 6*o + 12. Let k be m(6). What is the highest common factor of y and k?
21
Let m be (-2)/(-4) + 26/(-4). Let v(p) = -2*p - 4. Let w be v(m). Let l be (2 + 0)/(w/28). Calculate the greatest common factor of 7 and l.
7
Let q(t) = -10*t**2 - t - 3. Let b be q(5). Let p be (0 + 2)/((-12)/b). Suppose p = 5*n - 57. What is the highest common factor of 50 and n?
10
Let k(p) = p**2 + 9*p. Let j be k(-9). Suppose 5*z - 5*a - 30 = j, 5*z - 4*a - 17 = 2*z. Calculate the highest common factor of 14 and z.
7
Let r(p) = p**3 - 4*p**2 - p. Let x be r(5). What is the highest common divisor of 140 and x?
20
Let x(j) = -14*j - 2. Let z be x(-1). Calculate the highest common factor of 84 and z.
12
Suppose 0 = -c + 2*c + 29. Let m = -54 - c. Let x be m/(-5)*(-84)/(-5). Calculate the greatest common divisor of 12 and x.
12
Let n(c) = 4*c + 18. Let s be n(0). What is the greatest common divisor of s and 24?
6
Suppose 8*n - 12*n = -216. What is the highest common factor of n and 18?
18
Suppose -l - 2*l + 45 = 0. Calculate the greatest common divisor of 5 and l.
5
Let r be -2 - (-5 + -2 + 0). Calculate the greatest common divisor of r and 5.
5
Let y(q) = q**2 + 6*q - 1. Let b(v) = 1. Let l(o) = 5*b(o) - y(o). Let g be l(-6). Let c = 8 - -1. What is the greatest common factor of c and g?
3
Let i(y) = y + 16. Let m be i(-5). Calculate the highest common divisor of m and 55.
11
Let s be 0 + -4 + 83 - -2. Calculate the greatest common factor of s and 9.
9
Let w = -22 - -30. What is the highest common divisor of w and 88?
8
Suppose 11 + 9 = h. Suppose 5 + 10 = 3*k. Suppose 297 = k*p + q, p + 126 = 3*p - 2*q. What is the greatest common divisor of h and p?
20
Let j(r) = -5*r - 3. Let q be j(3). Let d = 6 - q. Let h be 0 + 5/(15/18). What is the greatest common factor of d and h?
6
Let p(u) = -u**3 - 12*u**2 - 12*u - 1. Let y be p(-11). Calculate the highest common factor of y and 70.
10
Let b(n) = -n**2 + 16*n - 4. Let j be b(15). Suppose 0 = 2*g - j - 29. What is the greatest common factor of g and 180?
20
Let n(z) = -5*z - 3. Let g be n(-2). What is the highest common factor of 77 and g?
7
Suppose 3*v - 5 = 52. Let n(z) = 9*z**2 - 3*z + 1. Let m be n(4). What is the greatest common divisor of v and m?
19
Let h(b) = -b**3 + 8*b**2 - 6*b + 3. Let m be h(7). Suppose a + 3*a - 280 = 0. What is the greatest common divisor of a and m?
10
Let r = 91 + -73. What is the greatest common factor of 12 and r?
6
Let g = -4 + 6. Let p be 2*5*(3 - 4). Let z = 18 + p. Calculate the highest common factor of z and g.
2
Let x = 2 - -5. Let h be (-55)/(2 + -1)*1. Let w = -27 - h. What is the greatest common divisor of x and w?
7
Let q(o) = -7*o + 2. Let d be (3/6)/((-1)/4). Let n be q(d). What is the highest common divisor of 4 and n?
4
Suppose 3*b + 50 = 8*b. Let a be (3 + 0)/3 + 5. Let j(g) = g**3 - 4*g**2 + 2*g + 6. Let c be j(a). What is the highest common divisor of c and b?
10
Let o be 73 + 8*5/(-10) + 0. Calculate the greatest common factor of 46 and o.
23
Let j = -6 + 6. Let g = j - -11. Calculate the highest common divisor of 11 and g.
11
Suppose -5*o = 4*k - 460, 0 = -4*k - 2*o - o + 468. What is the greatest common factor of k and 15?
15
Suppose 19 = 5*c - 166. Suppose t - 3*v = -4*t + 43, -5*t - 3*v = -c. Calculate the highest common factor of t and 56.
8
Suppose 3*l = -4*n + 50, 2*n = -3*n - 4*l + 62. Let f = 129 - 31. Calculate the greatest common factor of f and n.
14
Suppose 2*p - 3*p = -35. Let t(i) = -i**3 + 6*i**2 + 10*i - 12. Let b be t(6). Let k = b + -34. What is the highest common factor of p and k?
7
Let x be 1/(-2 + (-333)/(-165)). Calculate the highest common factor of 5 and x.
5
Let o = 134 + -72. Suppose -3*h = 5*m - o, 2*h - 5*m - 82 = -h. Calculate the greatest common factor of h and 6.
6
Suppose -4 = z - 2*z. Let j be (-2)/z + 21/6. Calculate the greatest common divisor of 2 and j.
1
Suppose 5*d - 227 = 218. Suppose -4*h + 4*l = -9 - 75, l - d = -4*h. Calculate the highest common divisor of h and 55.
11
Suppose 4*t = -3*g - 0*g + 19, -5*t = g - 21. Let x be ((-17)/2)/(g/2). Let u = -12 - x. What is the highest common factor of u and 25?
5
Suppose d = 4*d - 30. Let n be 18/15*500/(-3). Let a be ((-36)/15)/(6/n). What is the highest common divisor of a and d?
10
Suppose -28 = -4*o - o + 3*c, -2*o + 5*c + 15 = 0. Suppose o*x - 81 = 14. Calculate the highest common divisor of x and 95.
19
Suppose 2*c - 29 - 7 = 2*a, 3*a = -c - 2. What is the highest common divisor of c and 104?
13
Let n be 153 +